{"id":14,"date":"2023-08-04T22:55:11","date_gmt":"2023-08-04T20:55:11","guid":{"rendered":"https:\/\/gitedelasienne.com\/?page_id=14"},"modified":"2026-03-22T20:28:41","modified_gmt":"2026-03-22T19:28:41","slug":"contact","status":"publish","type":"page","link":"https:\/\/gitedelasienne.com\/index.php\/contact\/","title":{"rendered":"Contact"},"content":{"rendered":"\n<p>Bienvenue sur le site de notre g\u00eete, votre refuge de s\u00e9r\u00e9nit\u00e9 avec vue imprenable sur la baie de Regn\u00e9ville-sur-Mer. <\/p>\n\n\n<div class=\"wp-block-image is-style-rounded\">\n<figure class=\"aligncenter size-large is-resized\"><img loading=\"lazy\" decoding=\"async\" width=\"1024\" height=\"576\" src=\"https:\/\/gitedelasienne.com\/wp-content\/uploads\/2024\/06\/ecc74211-9479-42bb-ae23-c17a47aacfa3-1024x576.jpeg\" alt=\"\" class=\"wp-image-86\" style=\"width:444px;height:auto\" srcset=\"https:\/\/gitedelasienne.com\/wp-content\/uploads\/2024\/06\/ecc74211-9479-42bb-ae23-c17a47aacfa3-1024x576.jpeg 1024w, https:\/\/gitedelasienne.com\/wp-content\/uploads\/2024\/06\/ecc74211-9479-42bb-ae23-c17a47aacfa3-300x169.jpeg 300w, https:\/\/gitedelasienne.com\/wp-content\/uploads\/2024\/06\/ecc74211-9479-42bb-ae23-c17a47aacfa3-768x432.jpeg 768w, https:\/\/gitedelasienne.com\/wp-content\/uploads\/2024\/06\/ecc74211-9479-42bb-ae23-c17a47aacfa3-1536x864.jpeg 1536w, https:\/\/gitedelasienne.com\/wp-content\/uploads\/2024\/06\/ecc74211-9479-42bb-ae23-c17a47aacfa3-1140x641.jpeg 1140w, https:\/\/gitedelasienne.com\/wp-content\/uploads\/2024\/06\/ecc74211-9479-42bb-ae23-c17a47aacfa3.jpeg 1655w\" sizes=\"auto, (max-width: 1024px) 100vw, 1024px\" \/><\/figure>\n<\/div>\n\n\n<p>Nous sommes ravis de pouvoir vous accueillir et nous nous engageons \u00e0 rendre votre s\u00e9jour inoubliable.<\/p>\n\n\n\n<p>Pour toute demande d&rsquo;information, de r\u00e9servation, ou pour toute question concernant notre g\u00eete, n&rsquo;h\u00e9sitez pas \u00e0 nous contacter en utilisant le formulaire ci-dessous. Nous vous r\u00e9pondrons dans les plus brefs d\u00e9lais.<\/p>\n\n\n\n<p><strong>Formulaire de Contact :<\/strong><\/p>\n\n\n\n<div class=\"wp-block-contact-form-7-contact-form-selector\">\n<div class=\"wpcf7 no-js\" id=\"wpcf7-f69-o1\" lang=\"fr-FR\" dir=\"ltr\" data-wpcf7-id=\"69\">\n<div class=\"screen-reader-response\"><p role=\"status\" aria-live=\"polite\" aria-atomic=\"true\"><\/p> <ul><\/ul><\/div>\n<form action=\"\/index.php\/wp-json\/wp\/v2\/pages\/14#wpcf7-f69-o1\" method=\"post\" class=\"wpcf7-form init\" aria-label=\"Formulaire de contact\" novalidate=\"novalidate\" data-status=\"init\">\n<fieldset class=\"hidden-fields-container\"><input type=\"hidden\" name=\"_wpcf7\" value=\"69\" \/><input type=\"hidden\" name=\"_wpcf7_version\" value=\"6.1.5\" \/><input type=\"hidden\" name=\"_wpcf7_locale\" value=\"fr_FR\" \/><input type=\"hidden\" name=\"_wpcf7_unit_tag\" value=\"wpcf7-f69-o1\" \/><input type=\"hidden\" name=\"_wpcf7_container_post\" value=\"0\" \/><input type=\"hidden\" name=\"_wpcf7_posted_data_hash\" value=\"\" \/>\n<\/fieldset>\n<p><label> Votre nom<br \/>\n<span class=\"wpcf7-form-control-wrap\" data-name=\"your-name\"><input size=\"40\" maxlength=\"400\" class=\"wpcf7-form-control wpcf7-text wpcf7-validates-as-required\" autocomplete=\"name\" aria-required=\"true\" aria-invalid=\"false\" value=\"\" type=\"text\" name=\"your-name\" \/><\/span> <\/label>\n<\/p>\n<p><label> Votre e-mail<br \/>\n<span class=\"wpcf7-form-control-wrap\" data-name=\"your-email\"><input size=\"40\" maxlength=\"400\" class=\"wpcf7-form-control wpcf7-email wpcf7-validates-as-required wpcf7-text wpcf7-validates-as-email\" autocomplete=\"email\" aria-required=\"true\" aria-invalid=\"false\" value=\"\" type=\"email\" name=\"your-email\" \/><\/span> <\/label>\n<\/p>\n<p><label> Votre num\u00e9ro<br \/>\n<span class=\"wpcf7-form-control-wrap\" data-name=\"tel-377\"><input size=\"40\" maxlength=\"400\" class=\"wpcf7-form-control wpcf7-tel wpcf7-text wpcf7-validates-as-tel\" aria-invalid=\"false\" placeholder=\"Votre num\u00e9ro\" value=\"\" type=\"tel\" name=\"tel-377\" \/><\/span> <\/label>\n<\/p>\n<p><label> Objet<br \/>\n<span class=\"wpcf7-form-control-wrap\" data-name=\"your-subject\"><input size=\"40\" maxlength=\"400\" class=\"wpcf7-form-control wpcf7-text wpcf7-validates-as-required\" aria-required=\"true\" aria-invalid=\"false\" value=\"\" type=\"text\" name=\"your-subject\" \/><\/span> <\/label>\n<\/p>\n<p><label> Votre message<br \/>\n<span class=\"wpcf7-form-control-wrap\" data-name=\"your-message\"><textarea cols=\"40\" rows=\"10\" maxlength=\"2000\" class=\"wpcf7-form-control wpcf7-textarea wpcf7-validates-as-required\" aria-required=\"true\" aria-invalid=\"false\" name=\"your-message\"><\/textarea><\/span> <\/label>\n<\/p>\n<p><input class=\"wpcf7-form-control wpcf7-submit has-spinner\" type=\"submit\" value=\"Envoyer mon message\" \/>\n<\/p><p style=\"display: none !important;\" class=\"akismet-fields-container\" data-prefix=\"_wpcf7_ak_\"><label>&#916;<textarea name=\"_wpcf7_ak_hp_textarea\" cols=\"45\" rows=\"8\" maxlength=\"100\"><\/textarea><\/label><input type=\"hidden\" id=\"ak_js_1\" name=\"_wpcf7_ak_js\" value=\"223\"\/><script>document.getElementById( \"ak_js_1\" ).setAttribute( \"value\", ( new Date() ).getTime() );<\/script><\/p><div class=\"wpcf7-response-output\" aria-hidden=\"true\"><\/div>\n<\/form>\n<\/div>\n<\/div>\n\n\n\n<p><strong>Gestion du site :<\/strong><\/p>\n\n\n\n<p>La gestion des s\u00e9jour, sont assur\u00e9s par les propri\u00e9taires. Une \u00e9quipe d\u00e9di\u00e9e est \u00e0 votre service pour garantir que chaque d\u00e9tail de votre exp\u00e9rience soit parfait, du moment de la r\u00e9servation jusqu&rsquo;\u00e0 votre d\u00e9part.<\/p>\n\n\n\n<p>Gr\u00e2ce \u00e0 notre partenariat avec les acteurs locaux, vous b\u00e9n\u00e9ficierez d&rsquo;un service personnalis\u00e9 et r\u00e9actif. Que ce soit pour des demandes sp\u00e9ciales, des conseils sur les activit\u00e9s locales, ou une assistance pendant votre s\u00e9jour, nous sommes l\u00e0 pour vous !<\/p>\n\n\n\n<p><strong>Coordonn\u00e9es :<\/strong><\/p>\n\n\n\n<ul class=\"wp-block-list\">\n<li><strong>Email :<\/strong> info@gitedelasienne.com<\/li>\n\n\n\n<li><strong>T\u00e9l\u00e9phone :<\/strong> +33 (0)6 71 22 07 92<\/li>\n<\/ul>\n\n\n\n<p>Nous esp\u00e9rons que vous trouverez toutes les informations n\u00e9cessaires sur notre site. Si vous avez des questions suppl\u00e9mentaires ou des besoins sp\u00e9cifiques, notre \u00e9quipe est \u00e0 votre disposition pour y r\u00e9pondre. Nous avons h\u00e2te de vous accueillir dans notre g\u00eete et de vous offrir une exp\u00e9rience m\u00e9morable.<\/p>\n\n\n\n<p><strong>Remarque :<\/strong><\/p>\n\n\n\n<p>Veuillez v\u00e9rifier que toutes les informations fournies dans le formulaire sont correctes avant de soumettre votre demande. Cela nous permettra de traiter votre r\u00e9servation ou votre question de mani\u00e8re plus efficace.<\/p>\n\n\n\n<p>Merci de votre confiance et \u00e0 tr\u00e8s bient\u00f4t dans notre magnifique g\u00eete de la Sienne \u00e0 Regn\u00e9ville-sur-Mer !<\/p>\n\n\n\n<hr class=\"wp-block-separator has-alpha-channel-opacity\"\/>\n\n\n\n<p>Cordialement,<\/p>\n\n\n\n<p>L&rsquo;\u00c9quipe de Gestion du G\u00eete<\/p>\n\n\n\n<p>Pour plus d&rsquo;informations ou toute demande urgente, n&rsquo;h\u00e9sitez pas \u00e0 nous contacter directement via les coordonn\u00e9es mentionn\u00e9es ci-dessus.<\/p>\n","protected":false},"excerpt":{"rendered":"<p>Bienvenue sur le site de notre g\u00eete, votre refuge de s\u00e9r\u00e9nit\u00e9 avec vue imprenable sur la baie de Regn\u00e9ville-sur-Mer. Nous sommes ravis de pouvoir vous accueillir et nous nous engageons \u00e0 rendre votre s\u00e9jour inoubliable. Pour toute demande d&rsquo;information, de r\u00e9servation, ou pour toute question concernant notre g\u00eete, n&rsquo;h\u00e9sitez pas \u00e0 nous contacter en utilisant le formulaire ci-dessous. Nous vous r\u00e9pondrons dans les plus brefs d\u00e9lais. Formulaire de Contact : Gestion du site : La gestion des s\u00e9jour, sont assur\u00e9s par les propri\u00e9taires. Une \u00e9quipe d\u00e9di\u00e9e est \u00e0 votre service pour garantir que chaque d\u00e9tail de votre exp\u00e9rience soit parfait, du moment de la r\u00e9servation jusqu&rsquo;\u00e0 votre d\u00e9part. Gr\u00e2ce \u00e0 notre partenariat avec les acteurs locaux, vous b\u00e9n\u00e9ficierez d&rsquo;un service personnalis\u00e9 et r\u00e9actif. Que ce soit pour des demandes sp\u00e9ciales, des conseils sur les activit\u00e9s locales, ou une assistance pendant votre s\u00e9jour, nous sommes l\u00e0 pour vous ! Coordonn\u00e9es : Nous esp\u00e9rons que vous trouverez toutes les informations n\u00e9cessaires sur notre site. Si vous avez des questions suppl\u00e9mentaires ou des besoins sp\u00e9cifiques, notre \u00e9quipe est \u00e0 votre disposition pour y r\u00e9pondre. Nous avons h\u00e2te de vous accueillir dans notre g\u00eete et de vous offrir une exp\u00e9rience m\u00e9morable. Remarque : Veuillez v\u00e9rifier que toutes les informations fournies dans le formulaire sont correctes avant de soumettre votre demande. Cela nous permettra de traiter votre r\u00e9servation ou votre question de mani\u00e8re plus efficace. Merci de votre confiance et \u00e0 tr\u00e8s bient\u00f4t dans notre magnifique g\u00eete de la Sienne \u00e0 Regn\u00e9ville-sur-Mer ! Cordialement, L&rsquo;\u00c9quipe de Gestion du G\u00eete Pour plus d&rsquo;informations ou toute demande urgente, n&rsquo;h\u00e9sitez pas \u00e0 nous contacter directement via les coordonn\u00e9es mentionn\u00e9es ci-dessus.<\/p>\n","protected":false},"author":1,"featured_media":0,"parent":0,"menu_order":0,"comment_status":"closed","ping_status":"closed","template":"","meta":{"footnotes":""},"class_list":["post-14","page","type-page","status-publish","hentry"],"_links":{"self":[{"href":"https:\/\/gitedelasienne.com\/index.php\/wp-json\/wp\/v2\/pages\/14","targetHints":{"allow":["GET"]}}],"collection":[{"href":"https:\/\/gitedelasienne.com\/index.php\/wp-json\/wp\/v2\/pages"}],"about":[{"href":"https:\/\/gitedelasienne.com\/index.php\/wp-json\/wp\/v2\/types\/page"}],"author":[{"embeddable":true,"href":"https:\/\/gitedelasienne.com\/index.php\/wp-json\/wp\/v2\/users\/1"}],"replies":[{"embeddable":true,"href":"https:\/\/gitedelasienne.com\/index.php\/wp-json\/wp\/v2\/comments?post=14"}],"version-history":[{"count":13,"href":"https:\/\/gitedelasienne.com\/index.php\/wp-json\/wp\/v2\/pages\/14\/revisions"}],"predecessor-version":[{"id":129,"href":"https:\/\/gitedelasienne.com\/index.php\/wp-json\/wp\/v2\/pages\/14\/revisions\/129"}],"wp:attachment":[{"href":"https:\/\/gitedelasienne.com\/index.php\/wp-json\/wp\/v2\/media?parent=14"}],"curies":[{"name":"wp","href":"https:\/\/api.w.org\/{rel}","templated":true}]}}